07 a prime number?
False
Is 12875893 composite?
False
Is 17023 prime?
False
Is 122979 a prime number?
False
Is 2217 a prime number?
False
Is 57337 prime?
False
Is 38903 a composite number?
False
Is 6353 composite?
False
Is 25031 composite?
False
Is 1407767 a prime number?
False
Is 2293 composite?
False
Is 385171 prime?
True
Is 80843 prime?
False
Is 1693 prime?
True
Is 46459 a prime number?
False
Is 9461 prime?
True
Is 3779 a prime number?
True
Is 215123 prime?
True
Is 138055 a prime number?
False
Is 64595 composite?
True
Is 3779 a prime number?
True
Is 172231 a prime number?
False
Is 656639 a prime number?
False
Is 222763 prime?
False
Is 5141 a composite number?
True
Is 112747 a prime number?
False
Is 38919 a composite number?
True
Is 100739 a prime number?
False
Is 130771 a prime number?
False
Is 5671 a composite number?
True
Is 3370807 a prime number?
False
Is 4201 composite?
False
Is 13553 a prime number?
True
Is 106087 composite?
False
Is 321767 a prime number?
False
Is 13121 prime?
True
Is 539897 prime?
True
Is 1204023 prime?
False
Is 73582 a prime number?
False
Is 955693 a composite number?
False
Is 32771 a prime number?
True
Is 2215867 a composite number?
False
Is 60141 a composite number?
True
Is 31307 a prime number?
True
Is 1078331 prime?
True
Is 1502623 a composite number?
True
Is 263297 a prime number?
False
Is 80137 a composite number?
True
Is 10453 composite?
False
Is 4765 prime?
False
Is 9533 composite?
False
Is 1904843 composite?
True
Is 5313797 a prime number?
True
Is 409099 a composite number?
False
Is 9091 prime?
True
Is 124078 a composite number?
True
Is 20947 composite?
False
Is 37911 composite?
True
Is 185143 a composite number?
True
Is 709 a composite number?
False
Is 16231 prime?
True
Is 92281 prime?
False
Is 2699 composite?
False
Is 1129639 a composite number?
True
Is 31701 a prime number?
False
Is 4645 a prime number?
False
Is 4321 a composite number?
True
Is 155069 prime?
True
Is 56501 composite?
False
Is 427279 a prime number?
True
Is 1422953 a prime number?
False
Is 1213 a composite number?
False
Is 1399 a composite number?
False
Is 1219 composite?
True
Is 55371 composite?
True
Is 20797 composite?
True
Is 189389 a composite number?
False
Is 34637 a prime number?
False
Is 31987 prime?
False
Is 794641 a prime number?
True
Is 3588349 a composite number?
False
Is 75155 prime?
False
Is 127615 a prime number?
False
Is 1659685 a composite number?
True
Is 986333 a prime number?
True
Is 179161 a prime number?
True
Is 6547 composite?
False
Is 52409 prime?
False
Is 5671 composite?
True
Is 183761 composite?
False
Is 474139 a composite number?
True
Is 215333 a composite number?
True
Is 66029 a composite number?
False
Is 40879 a composite number?
False
Is 377 a composite number?
True
Is 44143 composite?
True
Is 27479 a composite number?
False
Is 596143 a prime number?
True
Is 6803 a composite number?
False
Is 37691 a composite number?
False
Is 82781 prime?
True
Is 12706 a composite number?
True
Is 28733 a composite number?
True
Is 11597 a prime number?
True
Is 779313 a prime number?
False
Is 417931 a composite number?
False
Is 12326 composite?
True
Is 308849 a prime number?
True
Is 5077 prime?
True
Is 135773 a composite number?
True
Is 39073 composite?
True
Is 398903 a composite number?
False
Is 96319 composite?
True
Is 9337 a composite number?
False
Is 2081095 a composite number?
True
Is 11901 prime?
False
Is 62383 a composite number?
False
Is 9601 composite?
False
Is 263647 composite?
False
Is 197329 composite?
True
Is 653 prime?
True
Is 8147 a prime number?
True
Is 3779 a composite number?
False
Is 1121545 a prime number?
False
Is 117155 composite?
True
Is 85798 composite?
True
Is 62747 prime?
False
Is 250169 a prime number?
True
Is 3511 a composite number?
False
Is 7103 a composite number?
False
Is 1088923 a prime number?
False
Is 829837 a prime number?
False
Is 1243043 prime?
False
Is 38345 a prime number?
False
Is 1117 composite?
False
Is 496579 prime?
True
Is 806401 prime?
False
Is 88037 prime?
True
Is 3738039 prime?
False
Is 36629 prime?
True
Is 6353 a composite number?
False
Is 130753 a prime number?
False
Is 54109 composite?
True
Is 110423 composite?
True
Is 9923 a composite number?
False
Is 57487 a composite number?
False
Is 4861 composite?
False
Is 122947 composite?
True
Is 110221 composite?
False
Is 14173 a prime number?
True
Is 3369 a composite number?
True
Is 4835 composite?
True
Is 5731 a composite number?
True
Is 202151 a composite number?
True
Is 11303 composite?
True
Is 508841 a prime number?
True
Is 63137 a prime number?
False
Is 7499 composite?
False
Is 2221 a composite number?
False
Is 1274903 prime?
False
Is 14521 a prime number?
False
Is 6259 prime?
False
Is 253469 composite?
False
Is 190227 a composite number?
True
Is 1115 a prime number?
False
Is 71215 prime?
False
Is 39473 prime?
False
Is 32989 a composite number?
True
Is 4783 a prime number?
True
Is 8035 prime?
False
Is 119 prime?
False
Is 723467 prime?
True
Is 1399 a prime number?
True
Is 11743 prime?
True
Is 2579 a composite number?
False
Is 8039 prime?
True
Is 24298 composite?
True
Is 33739 prime?
True
Is 17566 prime?
False
Is 28043 a prime number?
False
Is 5069 a prime number?
False
Is 224357 composite?
True
Is 1769737 prime?
True
Is 19121 a composite number?
False
Is 20737 prime?
False
Is 64021 composite?
True
Is 416693 a prime number?
True
Is 108589 prime?
False
Is 1687 a composite number?
True
Is 151841 a composite number?
False
Is 5471 composite?
False
Is 34157 a prime number?
True
Is 335573 composite?
True
Is 20663 a prime number?
True
Is 23699 composite?
True
Is 10942 composite?
True
Is 25889 a prime number?
True
Is 15727 a prime number?
True
Is 16603 a composite number?
False
Is 3140693 composite?
False
Is 841 composite?
True
Is 147899 prime?
False
Is 99449 a prime number?
False
Is 221047 prime?
True
Is 29501 composite?
False
Is 52067 a prime number?
True
Is 6941 composite?
True
Is 159799 composite?
False
Is 1392803 a prime number?
True
Is 16519 a prime number?
True
Is 9079 composite?
True
Is 11383 composite?
False
Is 1150691 a composite number?
True
Is 2271083 composite?
False
Is 70783 composite?
False
Is 55801 prime?
False
Is 2019 prime?
False
Is 27785 a prime number?
False
Is 45249 a prime number?
False
Is 164701 prime?
True
Is 48577 prime?
False
Is 6997 a composite number?
False
Is 13591 a composite number?
False
Is 31523 prime?
False
Is 2099167 prime?
False
Is 203781 a prime number?
False
Is 15814 composite?
True
Is 21254 composite?
True
Is 53987 a composite number?
False
Is 838 prime?
False
Is 2051 composite?
True
Is 787 prime?
True
Is 9113 a prime number?
False
Is 2053 composite?
False
Is 16581 prime?
False
Is 16078 composite?
True
Is 1431907 prime?
True
Is 27133 prime?
False
Is 564481 a prime number?
False
Is 2182135 composite?
True
Is 11519 prime?
True
Is 28399 a composite number?
True
Is 710269 a composite number?
True
Is 27119 composite?
True
Is 116233 a prime number?
False
Is 277993 composite?
False
Is 602489 composite?
False
Is 79617 composite?
True
Is 9131 a prime number?
False
Is 293957 prime?
True
Is 79687 prime?
True
Is 17165 composite?
True
Is 309547 a prime number?
False
Is 3643 a composite number?
False
Is 15551 composite?
False
Is 2605 prime?
False
Is 585355 a prime number?
False
Is 1818049 a composite number?
False
Is 12097 a prime number?
True
Is 803 a prime number?
False
Is 417283 composite?
False
Is 8992619 a prime number?
True
Is 102379 prime?
False
Is 26907 composite?
True
Is 16489 a composite number?
True
Is 871 a prime number?
False
Is 411409 a prime number?
True
Is 41037 composite?
True
Is 31847 a prime number?
True
Is 262949 a composite number?
False
Is 224027 a prime number?
True
Is 2472091 a prime number?
True
Is 3251 a prime number?
True
Is 1234 prime?
False
Is 3779 a prime number?
True
Is 457993 a composite number?
True
Is 14809 a prime number?
False
Is 19438 a prime number?
False
Is 275963 prime?
True
Is 308639 prime?
True
Is 94735 a prime number?
False
Is 4375447 prime?
True
Is 3455 prime?
False
Is 21653 prime?
False
Is 12587 a prime number?
False
Is 285191 a prime number?
True
Is 28387 composite?
False
Is 105935 composite?
True
Is 969919 composite?
False
Is 25027 a prime number?
False
Is 1437091 a 